{"id":3580,"date":"2015-03-20T12:49:33","date_gmt":"2015-03-20T12:49:33","guid":{"rendered":"http:\/\/demo-content.kaliumtheme.com\/main\/?page_id=3580"},"modified":"2020-01-11T11:19:59","modified_gmt":"2020-01-11T10:19:59","slug":"nasze-projekty","status":"publish","type":"page","link":"https:\/\/panczakiewicz.pl\/start\/nasze-projekty\/","title":{"rendered":"Nasze projekty"},"content":{"rendered":"<p>prezentujemy tutaj nasz\u0105 codzienn\u0105 prac\u0119, robimy to, co kochamy!<\/p>\n","protected":false},"excerpt":{"rendered":"<p>prezentujemy tutaj nasz\u0105 codzienn\u0105 prac\u0119, robimy to, co kochamy!<\/p>\n","protected":false},"author":1,"featured_media":0,"parent":0,"menu_order":0,"comment_status":"open","ping_status":"open","template":"portfolio.php","meta":{"_acf_changed":false,"footnotes":""},"class_list":["post-3580","page","type-page","status-publish","hentry"],"acf":[],"yoast_head":"<!-- This site is optimized with the Yoast SEO plugin v26.9 - https:\/\/yoast.com\/product\/yoast-seo-wordpress\/ -->\r\n<title>Nasze projekty - PANCZAKIEWICZ ART.DESIGN | Studio projektowania graficznego<\/title>\r\n<meta name=\"robots\" content=\"index, follow, max-snippet:-1, max-image-preview:large, max-video-preview:-1\" \/>\r\n<link rel=\"canonical\" href=\"https:\/\/panczakiewicz.pl\/start\/nasze-projekty\/\" \/>\r\n<meta property=\"og:locale\" content=\"pl_PL\" \/>\r\n<meta property=\"og:type\" content=\"article\" \/>\r\n<meta property=\"og:title\" content=\"Nasze projekty - PANCZAKIEWICZ ART.DESIGN | Studio projektowania graficznego\" \/>\r\n<meta property=\"og:description\" content=\"prezentujemy tutaj nasz\u0105 codzienn\u0105 prac\u0119, robimy to, co kochamy!\" \/>\r\n<meta property=\"og:url\" content=\"https:\/\/panczakiewicz.pl\/start\/nasze-projekty\/\" \/>\r\n<meta property=\"og:site_name\" content=\"PANCZAKIEWICZ ART.DESIGN | Studio projektowania graficznego\" \/>\r\n<meta property=\"article:publisher\" content=\"https:\/\/www.facebook.com\/PANCZAKIEWICZ.ART.DESIGN\" \/>\r\n<meta property=\"article:modified_time\" content=\"2020-01-11T10:19:59+00:00\" \/>\r\n<meta name=\"twitter:card\" content=\"summary_large_image\" \/>\r\n<script type=\"application\/ld+json\" class=\"yoast-schema-graph\">{\"@context\":\"https:\/\/schema.org\",\"@graph\":[{\"@type\":\"WebPage\",\"@id\":\"https:\/\/panczakiewicz.pl\/start\/nasze-projekty\/\",\"url\":\"https:\/\/panczakiewicz.pl\/start\/nasze-projekty\/\",\"name\":\"Nasze projekty - PANCZAKIEWICZ ART.DESIGN | Studio projektowania graficznego\",\"isPartOf\":{\"@id\":\"https:\/\/panczakiewicz.pl\/start\/#website\"},\"datePublished\":\"2015-03-20T12:49:33+00:00\",\"dateModified\":\"2020-01-11T10:19:59+00:00\",\"breadcrumb\":{\"@id\":\"https:\/\/panczakiewicz.pl\/start\/nasze-projekty\/#breadcrumb\"},\"inLanguage\":\"pl-PL\",\"potentialAction\":[{\"@type\":\"ReadAction\",\"target\":[\"https:\/\/panczakiewicz.pl\/start\/nasze-projekty\/\"]}]},{\"@type\":\"BreadcrumbList\",\"@id\":\"https:\/\/panczakiewicz.pl\/start\/nasze-projekty\/#breadcrumb\",\"itemListElement\":[{\"@type\":\"ListItem\",\"position\":1,\"name\":\"Strona g\u0142\u00f3wna\",\"item\":\"https:\/\/panczakiewicz.pl\/start\/\"},{\"@type\":\"ListItem\",\"position\":2,\"name\":\"Nasze projekty\"}]},{\"@type\":\"WebSite\",\"@id\":\"https:\/\/panczakiewicz.pl\/start\/#website\",\"url\":\"https:\/\/panczakiewicz.pl\/start\/\",\"name\":\"PANCZAKIEWICZ ART.DESIGN | Studio projektowania graficznego\",\"description\":\"Projektowanie mamy we krwi!\",\"publisher\":{\"@id\":\"https:\/\/panczakiewicz.pl\/start\/#organization\"},\"potentialAction\":[{\"@type\":\"SearchAction\",\"target\":{\"@type\":\"EntryPoint\",\"urlTemplate\":\"https:\/\/panczakiewicz.pl\/start\/?s={search_term_string}\"},\"query-input\":{\"@type\":\"PropertyValueSpecification\",\"valueRequired\":true,\"valueName\":\"search_term_string\"}}],\"inLanguage\":\"pl-PL\"},{\"@type\":\"Organization\",\"@id\":\"https:\/\/panczakiewicz.pl\/start\/#organization\",\"name\":\"PANCZAKIEWICZ ART.DESIGN\",\"url\":\"https:\/\/panczakiewicz.pl\/start\/\",\"logo\":{\"@type\":\"ImageObject\",\"inLanguage\":\"pl-PL\",\"@id\":\"https:\/\/panczakiewicz.pl\/start\/#\/schema\/logo\/image\/\",\"url\":\"http:\/\/panczakiewicz.pl\/start\/wp-content\/uploads\/2019\/12\/pad_logo_anim-2.gif\",\"contentUrl\":\"http:\/\/panczakiewicz.pl\/start\/wp-content\/uploads\/2019\/12\/pad_logo_anim-2.gif\",\"width\":122,\"height\":134,\"caption\":\"PANCZAKIEWICZ ART.DESIGN\"},\"image\":{\"@id\":\"https:\/\/panczakiewicz.pl\/start\/#\/schema\/logo\/image\/\"},\"sameAs\":[\"https:\/\/www.facebook.com\/PANCZAKIEWICZ.ART.DESIGN\",\"https:\/\/www.instagram.com\/ppanczakiewicz\/\"]}]}<\/script>\r\n<!-- \/ Yoast SEO plugin. -->","yoast_head_json":{"title":"Nasze projekty - PANCZAKIEWICZ ART.DESIGN | Studio projektowania graficznego","robots":{"index":"index","follow":"follow","max-snippet":"max-snippet:-1","max-image-preview":"max-image-preview:large","max-video-preview":"max-video-preview:-1"},"canonical":"https:\/\/panczakiewicz.pl\/start\/nasze-projekty\/","og_locale":"pl_PL","og_type":"article","og_title":"Nasze projekty - PANCZAKIEWICZ ART.DESIGN | Studio projektowania graficznego","og_description":"prezentujemy tutaj nasz\u0105 codzienn\u0105 prac\u0119, robimy to, co kochamy!","og_url":"https:\/\/panczakiewicz.pl\/start\/nasze-projekty\/","og_site_name":"PANCZAKIEWICZ ART.DESIGN | Studio projektowania graficznego","article_publisher":"https:\/\/www.facebook.com\/PANCZAKIEWICZ.ART.DESIGN","article_modified_time":"2020-01-11T10:19:59+00:00","twitter_card":"summary_large_image","schema":{"@context":"https:\/\/schema.org","@graph":[{"@type":"WebPage","@id":"https:\/\/panczakiewicz.pl\/start\/nasze-projekty\/","url":"https:\/\/panczakiewicz.pl\/start\/nasze-projekty\/","name":"Nasze projekty - PANCZAKIEWICZ ART.DESIGN | Studio projektowania graficznego","isPartOf":{"@id":"https:\/\/panczakiewicz.pl\/start\/#website"},"datePublished":"2015-03-20T12:49:33+00:00","dateModified":"2020-01-11T10:19:59+00:00","breadcrumb":{"@id":"https:\/\/panczakiewicz.pl\/start\/nasze-projekty\/#breadcrumb"},"inLanguage":"pl-PL","potentialAction":[{"@type":"ReadAction","target":["https:\/\/panczakiewicz.pl\/start\/nasze-projekty\/"]}]},{"@type":"BreadcrumbList","@id":"https:\/\/panczakiewicz.pl\/start\/nasze-projekty\/#breadcrumb","itemListElement":[{"@type":"ListItem","position":1,"name":"Strona g\u0142\u00f3wna","item":"https:\/\/panczakiewicz.pl\/start\/"},{"@type":"ListItem","position":2,"name":"Nasze projekty"}]},{"@type":"WebSite","@id":"https:\/\/panczakiewicz.pl\/start\/#website","url":"https:\/\/panczakiewicz.pl\/start\/","name":"PANCZAKIEWICZ ART.DESIGN | Studio projektowania graficznego","description":"Projektowanie mamy we krwi!","publisher":{"@id":"https:\/\/panczakiewicz.pl\/start\/#organization"},"potentialAction":[{"@type":"SearchAction","target":{"@type":"EntryPoint","urlTemplate":"https:\/\/panczakiewicz.pl\/start\/?s={search_term_string}"},"query-input":{"@type":"PropertyValueSpecification","valueRequired":true,"valueName":"search_term_string"}}],"inLanguage":"pl-PL"},{"@type":"Organization","@id":"https:\/\/panczakiewicz.pl\/start\/#organization","name":"PANCZAKIEWICZ ART.DESIGN","url":"https:\/\/panczakiewicz.pl\/start\/","logo":{"@type":"ImageObject","inLanguage":"pl-PL","@id":"https:\/\/panczakiewicz.pl\/start\/#\/schema\/logo\/image\/","url":"http:\/\/panczakiewicz.pl\/start\/wp-content\/uploads\/2019\/12\/pad_logo_anim-2.gif","contentUrl":"http:\/\/panczakiewicz.pl\/start\/wp-content\/uploads\/2019\/12\/pad_logo_anim-2.gif","width":122,"height":134,"caption":"PANCZAKIEWICZ ART.DESIGN"},"image":{"@id":"https:\/\/panczakiewicz.pl\/start\/#\/schema\/logo\/image\/"},"sameAs":["https:\/\/www.facebook.com\/PANCZAKIEWICZ.ART.DESIGN","https:\/\/www.instagram.com\/ppanczakiewicz\/"]}]}},"jetpack_sharing_enabled":true,"_links":{"self":[{"href":"https:\/\/panczakiewicz.pl\/start\/wp-json\/wp\/v2\/pages\/3580","targetHints":{"allow":["GET"]}}],"collection":[{"href":"https:\/\/panczakiewicz.pl\/start\/wp-json\/wp\/v2\/pages"}],"about":[{"href":"https:\/\/panczakiewicz.pl\/start\/wp-json\/wp\/v2\/types\/page"}],"author":[{"embeddable":true,"href":"https:\/\/panczakiewicz.pl\/start\/wp-json\/wp\/v2\/users\/1"}],"replies":[{"embeddable":true,"href":"https:\/\/panczakiewicz.pl\/start\/wp-json\/wp\/v2\/comments?post=3580"}],"version-history":[{"count":28,"href":"https:\/\/panczakiewicz.pl\/start\/wp-json\/wp\/v2\/pages\/3580\/revisions"}],"predecessor-version":[{"id":5299,"href":"https:\/\/panczakiewicz.pl\/start\/wp-json\/wp\/v2\/pages\/3580\/revisions\/5299"}],"wp:attachment":[{"href":"https:\/\/panczakiewicz.pl\/start\/wp-json\/wp\/v2\/media?parent=3580"}],"curies":[{"name":"wp","href":"https:\/\/api.w.org\/{rel}","templated":true}]}}