{"id":4424,"date":"2019-12-12T15:59:13","date_gmt":"2019-12-12T14:59:13","guid":{"rendered":"http:\/\/panczakiewicz.pl\/start\/?page_id=4424"},"modified":"2019-12-13T21:48:44","modified_gmt":"2019-12-13T20:48:44","slug":"historia-i-tradycja","status":"publish","type":"page","link":"https:\/\/panczakiewicz.pl\/start\/historia-i-tradycja\/","title":{"rendered":"Historia i tradycja"},"content":{"rendered":"<div class=\"wpb-content-wrapper\"><p>[vc_row][vc_column][vc_empty_space][lab_text_autotype typed_text=&#8221;#E-8_TmFzemElMjBoaXN0b3JpYSUyMCUzQ0JSJTNFaSUyMHRyYWR5Y2phJTIwJTNDc3BhbiUyMGNsYXNzJTNEJTIyYmxvY2slMjIlM0UlMkEuLi4uLi4uLiUzQm1vdHl3dWplJTNCaSUzQnpvYm93aSVDNCU4NXp1amUlMkElM0MlMkZzcGFuJTNF&#8221; typed_show_options=&#8221;yes&#8221;][vc_empty_space][vc_zigzag el_border_width=&#8221;8&#8243;][vc_zigzag color=&#8221;white&#8221;][\/vc_column][\/vc_row][vc_row][vc_column width=&#8221;1\/2&#8243;][vc_row_inner][vc_column_inner width=&#8221;1\/4&#8243;][vc_single_image image=&#8221;4482&#8243; img_size=&#8221;&#8221; style=&#8221;vc_box_shadow_border_circle_2&#8243;][\/vc_column_inner][vc_column_inner width=&#8221;3\/4&#8243;][vc_column_text]<\/p>\n<h3>LUDWIK PANCZAKIEWICZ<\/h3>\n<blockquote>\n<p><em>(1873\u20131935 rok)<br \/>\narchitekt przedsi\u0119biorca budowlany<\/em><\/p>\n<\/blockquote>\n<p>&nbsp;<\/p>\n<p>Urodzony w Nowym Targu. Szko\u0142\u0119 \u015bredni\u0105 uko\u0144czy\u0142 w Krakowie. Studiowa\u0142 w Petersburgu. W 1898 roku zaproszony zosta\u0142 do Warszawy przez Dzieko\u0144skiego \u2013 profesora z Politechniki Warszawskiej \u2013 zosta\u0142 jego uczniem. Jak pisa\u0142a Maria Zakrzewska na \u0142amach \u201eStolicy\u201d, projektowane przez Ludwika Panczakiewicza kamienice cechowa\u0142a na og\u00f3\u0142 poprawnie symetryczna bry\u0142a, ozdobiona secesyjnie potraktowanymi poszczeg\u00f3lnymi partiami i ornamentem. Projektowa\u0142 pod wp\u0142ywem historycyzmu, a p\u00f3\u017aniejsze budowle mia\u0142y elementy modernistyczne. Obficie stosowane przez architekta dekoracje rze\u017abiarskie powstawa\u0142y u Franciszka Rotha. Pierwszymi projektami Ludwika Panczakiewicza przy wsp\u00f3\u0142pracy z J\u00f3zefem Piusem Dzieko\u0144skim by\u0142y budowle warszawskich ko\u015bcio\u0142\u00f3w: \u015bw. Micha\u0142a i \u015bw. Floriana na Pradze; Naj\u015bwi\u0119tszego Zbawiciela (wsp\u00f3lnie z W. \u017bychiewiczem) oraz \u015bw. Stanis\u0142awa (1899 rok). Jest autorem projektu pa\u0142acyku Do\u0142gorukowa przy Litewskiej 6 w Warszawie; kamienic u zbiegu Pozna\u0144skiej i al. Jerozolimskich (1904 rok), przy Lwowskiej 11, Marsza\u0142kowskiej 2 (ok. 1910 rok) i 6 w Warszawie; oraz domu w\u0142asnego te\u017c w stolicy (ok. 1912 rok). Opracowa\u0142 projekt jednej z najpi\u0119kniejszych \u0142\u00f3dzkich kamienic: przy ulicy Andrzeja Struga 3 (1911 rok). Po prawej stronie fasady w skrajnej cz\u0119\u015bci budynku, powy\u017cej okien parteru wida\u0107 tablic\u0119 z sygnatur\u0105 autora: PROIECTUM FECIT L. PANCZAKIEWICZ ARCHITECKUS VARSOVIAE. Jest to niespotykana w\u00f3wczas na terenie \u0141odzi forma informacji o autorze projektu.[\/vc_column_text][\/vc_column_inner][\/vc_row_inner][\/vc_column][vc_column width=&#8221;1\/2&#8243;][vc_empty_space height=&#8221;3px&#8221;][vc_images_carousel images=&#8221;4493,4498&#8243; img_size=&#8221;550 x 450&#8243; onclick=&#8221;link_no&#8221; autoplay=&#8221;yes&#8221; hide_pagination_control=&#8221;yes&#8221; hide_prev_next_buttons=&#8221;yes&#8221; wrap=&#8221;yes&#8221; css_animation=&#8221;fadeInRight&#8221;][vc_single_image image=&#8221;4494&#8243; img_size=&#8221;&#8221; css_animation=&#8221;fadeIn&#8221;][vc_single_image image=&#8221;4495&#8243; img_size=&#8221;&#8221; css_animation=&#8221;fadeIn&#8221;][\/vc_column][\/vc_row][vc_row][vc_column width=&#8221;1\/2&#8243;][vc_column_text][\/vc_column_text][\/vc_column][\/vc_row][vc_row][vc_column][vc_zigzag el_border_width=&#8221;8&#8243;][vc_zigzag color=&#8221;white&#8221; el_border_width=&#8221;8&#8243;][\/vc_column][\/vc_row][vc_row][vc_column width=&#8221;1\/2&#8243;][vc_row_inner][vc_column_inner width=&#8221;1\/4&#8243;][vc_single_image image=&#8221;4485&#8243; style=&#8221;vc_box_shadow_border_circle_2&#8243;][\/vc_column_inner][vc_column_inner width=&#8221;3\/4&#8243;][vc_column_text]<\/p>\n<h3>STANIS\u0141AW PANCZAKIEWICZ<\/h3>\n<blockquote>\n<p>(1900\u20131982 rok)<em><br \/>\n<\/em><em>konstruktor karoserii samochodowych.<\/em><\/p>\n<\/blockquote>\n<p>&nbsp;<\/p>\n<p>Urodzony w Warszawie. Studiowa\u0142 we Francji. Po powrocie do Polski po studiach rozpocz\u0105\u0142 wyk\u0142ady z mechaniki na Politechnice Warszawskiej. By\u0142 jednym z najwybitniejszych polskich konstruktor\u00f3w karoserii samochodowych. W latach 1921\u20131923, zaprojektowa\u0142 nadwozie pierwszego polskiego samochodu osobowego: CWS T1 (Centralne Warsztaty Samochodowe), produkowany seryjnie w latach 1927\u20131931. Od 1934 do 1939 pracowa\u0142 w Pa\u0144stwowych Zak\u0142adach In\u017cynierii, konstruuj\u0105c nadwozia do Fiata 621 (wersja turystyczna) oraz autobusu Saurer. Wszystkie wersje pojazd\u00f3w w CWS by\u0142y budowane w ma\u0142ych seriach, jako osobowy otwarty, zamkni\u0119ty i kabriolet, z nadwoziami in\u017c. Stanis\u0142awa Panczakiewicza (p\u00f3\u017aniejszego profesora Politechniki Warszawskiej). Nadwozie polskiego wozu luksusowego Lux\u2013Sport (L\u2013S), nadwozie polskiego autobusu Zawrat oraz kabiny PZIn\u017c. 713 te\u017c by\u0142y jego projektem. Notabene jest on r\u00f3wnie\u017c autorem karoserii do Syreny. Zajmuj\u0105c si\u0119 pojazdami jedno\u015bladowymi, Stanis\u0142aw Panczakiewicz skonstruowa\u0142 przyczep\u0119 boczn\u0105 do motocykla Sok\u00f3\u0142 1000 M111 (CWS M111). Po wojnie, in\u017c. Panczakiewicz wraz z innymi wybitnymi polskimi konstruktorami (m.in. z Jerzym Wernerem i Mieczys\u0142awem D\u0119bickim) zbudowa\u0142 prototyp pierwszej polskiej ci\u0119\u017car\u00f3wki: Star 20. Nast\u0119pnie w \u0142\u00f3dzkim oddziale Centralnego Biura Technicznego Przemys\u0142u Motoryzacyjnego przyst\u0105piono do opracowywania pojazd\u00f3w pochodnych: Star 50, 51 i 52. Zesp\u00f3\u0142 kierowany przez in\u017c. Panczakiewicza opracowa\u0142 nadwozie mieszcz\u0105ce 30 pasa\u017cer\u00f3w. Trzecia wersja nadwozia dalekobie\u017cnego Fiata 666RN zaprojektowanego w 1948 roku by\u0142o jedn\u0105 z jego najwybitniejszych prac. Produkcj\u0119 dalekobie\u017cnego Fiata 666RN rozpocz\u0119to w 1950 roku. By\u0142 to pojazd obszerny, mog\u0105cy pomie\u015bci\u0107 w swym wn\u0119trzu 44 osoby. Opr\u00f3cz karoserii do Fiata RN666 Panczakiewicz zaprojektowa\u0142 te\u017c nadwozie innego polskiego autobusu z tego okresu \u2013 Leylanda LOPS 3\/1.[\/vc_column_text][\/vc_column_inner][\/vc_row_inner][\/vc_column][vc_column width=&#8221;1\/2&#8243;][vc_empty_space height=&#8221;2px&#8221;][vc_single_image image=&#8221;4502&#8243; img_size=&#8221;550&#8243; css_animation=&#8221;fadeIn&#8221;][vc_single_image image=&#8221;4505&#8243; img_size=&#8221;550 x 515&#8243; css_animation=&#8221;fadeIn&#8221;][\/vc_column][\/vc_row]<\/p>\n<\/div>","protected":false},"excerpt":{"rendered":"<p>[vc_row][vc_column][vc_empty_space][lab_text_autotype typed_text=&#8221;#E-8_TmFzemElMjBoaXN0b3JpYSUyMCUzQ0JSJTNFaSUyMHRyYWR5Y2phJTIwJTNDc3BhbiUyMGNsYXNzJTNEJTIyYmxvY2slMjIlM0UlMkEuLi4uLi4uLiUzQm1vdHl3dWplJTNCaSUzQnpvYm93aSVDNCU4NXp1amUlMkElM0MlMkZzcGFuJTNF&#8221; typed_show_options=&#8221;yes&#8221;][vc_empty_space][vc_zigzag el_border_width=&#8221;8&#8243;][vc_zigzag color=&#8221;white&#8221;][\/vc_column][\/vc_row][vc_row][vc_column width=&#8221;1\/2&#8243;][vc_row_inner][vc_column_inner width=&#8221;1\/4&#8243;][vc_single_image image=&#8221;4482&#8243; img_size=&#8221;&#8221; style=&#8221;vc_box_shadow_border_circle_2&#8243;][\/vc_column_inner][vc_column_inner width=&#8221;3\/4&#8243;][vc_column_text] LUDWIK PANCZAKIEWICZ (1873\u20131935 rok) architekt przedsi\u0119biorca budowlany &nbsp; Urodzony w Nowym Targu. Szko\u0142\u0119 \u015bredni\u0105 uko\u0144czy\u0142 w Krakowie. Studiowa\u0142 w Petersburgu. W 1898 roku zaproszony zosta\u0142 do Warszawy przez Dzieko\u0144skiego \u2013 profesora z Politechniki Warszawskiej \u2013 zosta\u0142 jego uczniem. Jak pisa\u0142a Maria Zakrzewska na \u0142amach&hellip;<\/p>\n","protected":false},"author":1,"featured_media":0,"parent":0,"menu_order":0,"comment_status":"closed","ping_status":"closed","template":"","meta":{"_acf_changed":false,"footnotes":""},"class_list":["post-4424","page","type-page","status-publish","hentry"],"acf":[],"yoast_head":"<!-- This site is optimized with the Yoast SEO plugin v26.9 - https:\/\/yoast.com\/product\/yoast-seo-wordpress\/ -->\r\n<title>Historia i tradycja - PANCZAKIEWICZ ART.DESIGN | Studio projektowania graficznego<\/title>\r\n<meta name=\"robots\" content=\"index, follow, max-snippet:-1, max-image-preview:large, max-video-preview:-1\" \/>\r\n<link rel=\"canonical\" href=\"https:\/\/panczakiewicz.pl\/start\/historia-i-tradycja\/\" \/>\r\n<meta property=\"og:locale\" content=\"pl_PL\" \/>\r\n<meta property=\"og:type\" content=\"article\" \/>\r\n<meta property=\"og:title\" content=\"Historia i tradycja - PANCZAKIEWICZ ART.DESIGN | Studio projektowania graficznego\" \/>\r\n<meta property=\"og:description\" content=\"[vc_row][vc_column][vc_empty_space][lab_text_autotype typed_text=&#8221;#E-8_TmFzemElMjBoaXN0b3JpYSUyMCUzQ0JSJTNFaSUyMHRyYWR5Y2phJTIwJTNDc3BhbiUyMGNsYXNzJTNEJTIyYmxvY2slMjIlM0UlMkEuLi4uLi4uLiUzQm1vdHl3dWplJTNCaSUzQnpvYm93aSVDNCU4NXp1amUlMkElM0MlMkZzcGFuJTNF&#8221; typed_show_options=&#8221;yes&#8221;][vc_empty_space][vc_zigzag el_border_width=&#8221;8&#8243;][vc_zigzag color=&#8221;white&#8221;][\/vc_column][\/vc_row][vc_row][vc_column width=&#8221;1\/2&#8243;][vc_row_inner][vc_column_inner width=&#8221;1\/4&#8243;][vc_single_image image=&#8221;4482&#8243; img_size=&#8221;&#8221; style=&#8221;vc_box_shadow_border_circle_2&#8243;][\/vc_column_inner][vc_column_inner width=&#8221;3\/4&#8243;][vc_column_text] LUDWIK PANCZAKIEWICZ (1873\u20131935 rok) architekt przedsi\u0119biorca budowlany &nbsp; Urodzony w Nowym Targu. Szko\u0142\u0119 \u015bredni\u0105 uko\u0144czy\u0142 w Krakowie. Studiowa\u0142 w Petersburgu. W 1898 roku zaproszony zosta\u0142 do Warszawy przez Dzieko\u0144skiego \u2013 profesora z Politechniki Warszawskiej \u2013 zosta\u0142 jego uczniem. Jak pisa\u0142a Maria Zakrzewska na \u0142amach&hellip;\" \/>\r\n<meta property=\"og:url\" content=\"https:\/\/panczakiewicz.pl\/start\/historia-i-tradycja\/\" \/>\r\n<meta property=\"og:site_name\" content=\"PANCZAKIEWICZ ART.DESIGN | Studio projektowania graficznego\" \/>\r\n<meta property=\"article:publisher\" content=\"https:\/\/www.facebook.com\/PANCZAKIEWICZ.ART.DESIGN\" \/>\r\n<meta property=\"article:modified_time\" content=\"2019-12-13T20:48:44+00:00\" \/>\r\n<meta name=\"twitter:card\" content=\"summary_large_image\" \/>\r\n<meta name=\"twitter:label1\" content=\"Szacowany czas czytania\" \/>\n\t<meta name=\"twitter:data1\" content=\"4 minuty\" \/>\r\n<script type=\"application\/ld+json\" class=\"yoast-schema-graph\">{\"@context\":\"https:\/\/schema.org\",\"@graph\":[{\"@type\":\"WebPage\",\"@id\":\"https:\/\/panczakiewicz.pl\/start\/historia-i-tradycja\/\",\"url\":\"https:\/\/panczakiewicz.pl\/start\/historia-i-tradycja\/\",\"name\":\"Historia i tradycja - PANCZAKIEWICZ ART.DESIGN | Studio projektowania graficznego\",\"isPartOf\":{\"@id\":\"https:\/\/panczakiewicz.pl\/start\/#website\"},\"datePublished\":\"2019-12-12T14:59:13+00:00\",\"dateModified\":\"2019-12-13T20:48:44+00:00\",\"breadcrumb\":{\"@id\":\"https:\/\/panczakiewicz.pl\/start\/historia-i-tradycja\/#breadcrumb\"},\"inLanguage\":\"pl-PL\",\"potentialAction\":[{\"@type\":\"ReadAction\",\"target\":[\"https:\/\/panczakiewicz.pl\/start\/historia-i-tradycja\/\"]}]},{\"@type\":\"BreadcrumbList\",\"@id\":\"https:\/\/panczakiewicz.pl\/start\/historia-i-tradycja\/#breadcrumb\",\"itemListElement\":[{\"@type\":\"ListItem\",\"position\":1,\"name\":\"Strona g\u0142\u00f3wna\",\"item\":\"https:\/\/panczakiewicz.pl\/start\/\"},{\"@type\":\"ListItem\",\"position\":2,\"name\":\"Historia i tradycja\"}]},{\"@type\":\"WebSite\",\"@id\":\"https:\/\/panczakiewicz.pl\/start\/#website\",\"url\":\"https:\/\/panczakiewicz.pl\/start\/\",\"name\":\"PANCZAKIEWICZ ART.DESIGN | Studio projektowania graficznego\",\"description\":\"Projektowanie mamy we krwi!\",\"publisher\":{\"@id\":\"https:\/\/panczakiewicz.pl\/start\/#organization\"},\"potentialAction\":[{\"@type\":\"SearchAction\",\"target\":{\"@type\":\"EntryPoint\",\"urlTemplate\":\"https:\/\/panczakiewicz.pl\/start\/?s={search_term_string}\"},\"query-input\":{\"@type\":\"PropertyValueSpecification\",\"valueRequired\":true,\"valueName\":\"search_term_string\"}}],\"inLanguage\":\"pl-PL\"},{\"@type\":\"Organization\",\"@id\":\"https:\/\/panczakiewicz.pl\/start\/#organization\",\"name\":\"PANCZAKIEWICZ ART.DESIGN\",\"url\":\"https:\/\/panczakiewicz.pl\/start\/\",\"logo\":{\"@type\":\"ImageObject\",\"inLanguage\":\"pl-PL\",\"@id\":\"https:\/\/panczakiewicz.pl\/start\/#\/schema\/logo\/image\/\",\"url\":\"http:\/\/panczakiewicz.pl\/start\/wp-content\/uploads\/2019\/12\/pad_logo_anim-2.gif\",\"contentUrl\":\"http:\/\/panczakiewicz.pl\/start\/wp-content\/uploads\/2019\/12\/pad_logo_anim-2.gif\",\"width\":122,\"height\":134,\"caption\":\"PANCZAKIEWICZ ART.DESIGN\"},\"image\":{\"@id\":\"https:\/\/panczakiewicz.pl\/start\/#\/schema\/logo\/image\/\"},\"sameAs\":[\"https:\/\/www.facebook.com\/PANCZAKIEWICZ.ART.DESIGN\",\"https:\/\/www.instagram.com\/ppanczakiewicz\/\"]}]}<\/script>\r\n<!-- \/ Yoast SEO plugin. -->","yoast_head_json":{"title":"Historia i tradycja - PANCZAKIEWICZ ART.DESIGN | Studio projektowania graficznego","robots":{"index":"index","follow":"follow","max-snippet":"max-snippet:-1","max-image-preview":"max-image-preview:large","max-video-preview":"max-video-preview:-1"},"canonical":"https:\/\/panczakiewicz.pl\/start\/historia-i-tradycja\/","og_locale":"pl_PL","og_type":"article","og_title":"Historia i tradycja - PANCZAKIEWICZ ART.DESIGN | Studio projektowania graficznego","og_description":"[vc_row][vc_column][vc_empty_space][lab_text_autotype typed_text=&#8221;#E-8_TmFzemElMjBoaXN0b3JpYSUyMCUzQ0JSJTNFaSUyMHRyYWR5Y2phJTIwJTNDc3BhbiUyMGNsYXNzJTNEJTIyYmxvY2slMjIlM0UlMkEuLi4uLi4uLiUzQm1vdHl3dWplJTNCaSUzQnpvYm93aSVDNCU4NXp1amUlMkElM0MlMkZzcGFuJTNF&#8221; typed_show_options=&#8221;yes&#8221;][vc_empty_space][vc_zigzag el_border_width=&#8221;8&#8243;][vc_zigzag color=&#8221;white&#8221;][\/vc_column][\/vc_row][vc_row][vc_column width=&#8221;1\/2&#8243;][vc_row_inner][vc_column_inner width=&#8221;1\/4&#8243;][vc_single_image image=&#8221;4482&#8243; img_size=&#8221;&#8221; style=&#8221;vc_box_shadow_border_circle_2&#8243;][\/vc_column_inner][vc_column_inner width=&#8221;3\/4&#8243;][vc_column_text] LUDWIK PANCZAKIEWICZ (1873\u20131935 rok) architekt przedsi\u0119biorca budowlany &nbsp; Urodzony w Nowym Targu. Szko\u0142\u0119 \u015bredni\u0105 uko\u0144czy\u0142 w Krakowie. Studiowa\u0142 w Petersburgu. W 1898 roku zaproszony zosta\u0142 do Warszawy przez Dzieko\u0144skiego \u2013 profesora z Politechniki Warszawskiej \u2013 zosta\u0142 jego uczniem. Jak pisa\u0142a Maria Zakrzewska na \u0142amach&hellip;","og_url":"https:\/\/panczakiewicz.pl\/start\/historia-i-tradycja\/","og_site_name":"PANCZAKIEWICZ ART.DESIGN | Studio projektowania graficznego","article_publisher":"https:\/\/www.facebook.com\/PANCZAKIEWICZ.ART.DESIGN","article_modified_time":"2019-12-13T20:48:44+00:00","twitter_card":"summary_large_image","twitter_misc":{"Szacowany czas czytania":"4 minuty"},"schema":{"@context":"https:\/\/schema.org","@graph":[{"@type":"WebPage","@id":"https:\/\/panczakiewicz.pl\/start\/historia-i-tradycja\/","url":"https:\/\/panczakiewicz.pl\/start\/historia-i-tradycja\/","name":"Historia i tradycja - PANCZAKIEWICZ ART.DESIGN | Studio projektowania graficznego","isPartOf":{"@id":"https:\/\/panczakiewicz.pl\/start\/#website"},"datePublished":"2019-12-12T14:59:13+00:00","dateModified":"2019-12-13T20:48:44+00:00","breadcrumb":{"@id":"https:\/\/panczakiewicz.pl\/start\/historia-i-tradycja\/#breadcrumb"},"inLanguage":"pl-PL","potentialAction":[{"@type":"ReadAction","target":["https:\/\/panczakiewicz.pl\/start\/historia-i-tradycja\/"]}]},{"@type":"BreadcrumbList","@id":"https:\/\/panczakiewicz.pl\/start\/historia-i-tradycja\/#breadcrumb","itemListElement":[{"@type":"ListItem","position":1,"name":"Strona g\u0142\u00f3wna","item":"https:\/\/panczakiewicz.pl\/start\/"},{"@type":"ListItem","position":2,"name":"Historia i tradycja"}]},{"@type":"WebSite","@id":"https:\/\/panczakiewicz.pl\/start\/#website","url":"https:\/\/panczakiewicz.pl\/start\/","name":"PANCZAKIEWICZ ART.DESIGN | Studio projektowania graficznego","description":"Projektowanie mamy we krwi!","publisher":{"@id":"https:\/\/panczakiewicz.pl\/start\/#organization"},"potentialAction":[{"@type":"SearchAction","target":{"@type":"EntryPoint","urlTemplate":"https:\/\/panczakiewicz.pl\/start\/?s={search_term_string}"},"query-input":{"@type":"PropertyValueSpecification","valueRequired":true,"valueName":"search_term_string"}}],"inLanguage":"pl-PL"},{"@type":"Organization","@id":"https:\/\/panczakiewicz.pl\/start\/#organization","name":"PANCZAKIEWICZ ART.DESIGN","url":"https:\/\/panczakiewicz.pl\/start\/","logo":{"@type":"ImageObject","inLanguage":"pl-PL","@id":"https:\/\/panczakiewicz.pl\/start\/#\/schema\/logo\/image\/","url":"http:\/\/panczakiewicz.pl\/start\/wp-content\/uploads\/2019\/12\/pad_logo_anim-2.gif","contentUrl":"http:\/\/panczakiewicz.pl\/start\/wp-content\/uploads\/2019\/12\/pad_logo_anim-2.gif","width":122,"height":134,"caption":"PANCZAKIEWICZ ART.DESIGN"},"image":{"@id":"https:\/\/panczakiewicz.pl\/start\/#\/schema\/logo\/image\/"},"sameAs":["https:\/\/www.facebook.com\/PANCZAKIEWICZ.ART.DESIGN","https:\/\/www.instagram.com\/ppanczakiewicz\/"]}]}},"jetpack_sharing_enabled":true,"_links":{"self":[{"href":"https:\/\/panczakiewicz.pl\/start\/wp-json\/wp\/v2\/pages\/4424","targetHints":{"allow":["GET"]}}],"collection":[{"href":"https:\/\/panczakiewicz.pl\/start\/wp-json\/wp\/v2\/pages"}],"about":[{"href":"https:\/\/panczakiewicz.pl\/start\/wp-json\/wp\/v2\/types\/page"}],"author":[{"embeddable":true,"href":"https:\/\/panczakiewicz.pl\/start\/wp-json\/wp\/v2\/users\/1"}],"replies":[{"embeddable":true,"href":"https:\/\/panczakiewicz.pl\/start\/wp-json\/wp\/v2\/comments?post=4424"}],"version-history":[{"count":39,"href":"https:\/\/panczakiewicz.pl\/start\/wp-json\/wp\/v2\/pages\/4424\/revisions"}],"predecessor-version":[{"id":4751,"href":"https:\/\/panczakiewicz.pl\/start\/wp-json\/wp\/v2\/pages\/4424\/revisions\/4751"}],"wp:attachment":[{"href":"https:\/\/panczakiewicz.pl\/start\/wp-json\/wp\/v2\/media?parent=4424"}],"curies":[{"name":"wp","href":"https:\/\/api.w.org\/{rel}","templated":true}]}}